 - 2*v, 0 = 2*i - 2*v + 6. What is g(i)?
37
Let o(j) = j**3 - 3*j**2 + 3*j - 2. Let p(z) = -5*z + 3. Let v(x) = 4*x - 2. Let r(g) = 3*p(g) + 4*v(g). Let a be r(-2). Let d be ((-18)/3)/(2*a). Give o(d).
7
Let n(l) = -l - 8. Suppose -2*g = -3*a - 26, -3*g = -4*a - 33 - 3. Let x(y) = y**2 + 6*y - 5. Let o be x(a). Calculate n(o).
-3
Let q = 2354 + -2345. Let i(n) = -n**2 + 14*n - 37. What is i(q)?
8
Suppose 0 = 3*r + 3*r - 12. Let j(y) = y - 4*y - 23 + r*y. What is j(-10)?
-13
Let o be (26/(-6))/(19/(-342)). Let i(y) = -2 + o*y - 40*y - 42*y + 0. Determine i(6).
-26
Let f(y) = y**3 - y**2 - y - 5. Suppose 228*m - 230*m + 10 = 0. Suppose -2*s + 5*j = -6*s, -m*s = 5*j. Give f(s).
-5
Let o be 72/12 + (0 - 17/3). Let q(w) be the first derivative of -o*w**3 + 11 + 4*w - 3/2*w**2. Determine q(-3).
4
Let a(x) = -x**3 + 3*x**2 + 2*x + 10. Let p be a(4). Let q(k) = 5*k**2 - 658*k**3 + 7*k - k**p + 6 + 657*k**3. Calculate q(6).
-24
Let c be (26/6 - 5)/(4/6). Let n be (0/(-6) + 10/c)*-1. Let u(r) = 11 - 3*r - 9 - n. Calculate u(-7).
13
Let k(p) = -867 + 429 - 12*p - 21*p**2 + 449. Give k(1).
-22
Let g(w) = w**3 + 5*w**2 + 2*w + 6. Let i be g(-5). Let x(t) = -194 - 3*t + 3*t - 3*t - t**3 - 4*t**2 + 194. Give x(i).
12
Suppose -2*o + 0 - 4 = 0. Let b be (4 - 2)*5/o. Let l(x) = -5 + 5*x - x - x + 0*x - 3*x - x. Calculate l(b).
0
Suppose 0 = -5*n + 41 - 6. Suppose 5*w - n*w + 4 = 0. Let u(x) = 2*x + 6*x**2 - x**3 - 6*x**w + 4*x**2. What is u(4)?
8
Let v(y) = 3*y + 2. Suppose 2*f - 62 = 5*u, -5*f + u - 2*u = -209. Suppose 0 = 46*t - f*t - 15. Suppose 2*q + 9 = 3*w - t*q, 4*w + 2*q = -14. What is v(w)?
-4
Let k(h) be the third derivative of h**5/20 - 3*h**4/8 + 7*h**3/3 - 4*h**2 + 2*h + 29. Calculate k(2).
8
Let z(r) = -r**3 + 6*r**2 + 15*r + 12. Let t be z(8). Let x(l) = -2 + 19 + 14*l - t - 15*l. Calculate x(7).
6
Let k(v) = 2*v**2 + 20*v - 34. Suppose 3*p = -21, -68*t + 69*t + 32 = -3*p. What is k(t)?
-12
Suppose 0 = 13*x + 428 - 259. Let w(h) = -h**2 - 13*h + 4. Give w(x).
4
Let d(k) = -k**3 + k**2 + k + 1. Let a(f) = 4*f**3 + 2*f**2 - 9*f - 14. Let v(z) = a(z) + 5*d(z). Suppose -2*x = 5*l - 28, 4*l - 5*x = -639 + 668. Give v(l).
3
Let b be 2/9 - ((-2)/15)/(660/13750). Let n(d) = d**2 + 10*d - 34. Determine n(b).
5
Let y(j) = j**3 - 2*j + 1. Let c be y(-2). Let r(s) = 4*s**2 + 11. Let d(i) = -i**2 + i - 4. Let n(u) = -2*d(u) - r(u). Give n(c).
-15
Let p(n) = -3 - 4734*n + 7 + 4736*n. What is p(-7)?
-10
Let o(y) = -3*y**2 - 10*y - 44. Let m(r) = -r**3 + 16*r**2 + 82*r - 46. Let h be m(20). Determine o(h).
-92
Let w(a) be the first derivative of -a**3/3 - 5*a**2 + 21*a - 929. Determine w(-13).
-18
Let z(k) = -2*k**3 + k**2 + k + 1. Suppose -t - 4*t - 310 = 0. Let j = t + 67. Suppose -5*x - 13 = -2*n, 24 = -j*x + x + 5*n. Give z(x).
3
Let o(y) = -53 + 101 + 7*y - 28 - 9*y - 40. Determine o(6).
-32
Let t(p) be the second derivative of 45*p + 0 + 5/6*p**3 + 0*p**2. Give t(2).
10
Let h(q) = -4*q**3 - 5*q + 3. Let n be h(1). Let z(u) be the third derivative of -u**6/120 - u**5/10 - u**4/24 + 7*u**3/6 - 4*u**2. Determine z(n).
13
Let l be ((-44)/(-33))/((-1)/(-18)) + -5. Let z be 207/l - ((-48)/152)/3. Let i(p) = -p + 16. Give i(z).
5
Let q(a) = -a**3 + 22*a**2 - 2*a + 42. Suppose -c - 7*n + 2 = -3*n, -5*n = 4*c - 63. Determine q(c).
-2
Let l(p) = -p**2 - 16*p. Let s = 2369 + -2385. Give l(s).
0
Let t(y) = 44*y**2 - 8*y - 8. Let v(i) = 205*i**2 - 38*i - 41. Let q(r) = -14*t(r) + 3*v(r). Give q(0).
-11
Let v be (76/(-16) - -4)/((-4)/32). Let a(z) be the second derivative of -1/6*z**3 - 1/20*z**5 - 13*z + 0 + 1/2*z**4 + 1/2*z**2. Give a(v).
-5
Let l(j) = j**3 + 5*j**2 - 2*j - 12. Let y be l(-5). Let z(a) = -a. Let h(x) = -6*x + 19*x - 2 - 15*x. Let m(t) = -h(t) - z(t). Calculate m(y).
-4
Let y(z) = -3*z**2 - 14*z - 5. Let l(a) = -2*a**2 - 12*a - 4. Let m(v) = 4*l(v) - 3*y(v). Suppose 5*c - 5*i + 5 = 0, 8 + 5 = -c + 4*i. Give m(c).
-10
Let g(p) = -p**2 + 6*p - 10. Let z(n) = n**2 - 10*n + 20. Let v be z(8). Suppose -v*o + 19 = 3*w, 5*o = -0*o + 3*w + 17. Calculate g(o).
-2
Let r(g) be the first derivative of 4*g**2 - 14*g + 6915. Calculate r(10).
66
Let m(u) = -u - 7*u**2 + 321*u**3 - 602*u**3 + 280*u**3 - 16. Calculate m(-6).
-46
Let f(s) be the first derivative of s**4/4 - 8*s**3/3 + 5*s**2 + 10*s - 526. Determine f(6).
-2
Suppose -2*u - 2 = -16. Suppose -49*b + 28 = -45*b + 4*a, 2*a - 2 = 0. Let p(y) = 1 + u - b*y - 4 - y**2 + 5. Calculate p(-7).
2
Let t(u) = u**3 + 7*u**2 - 2*u + 2. Let l(o) = o**3 + o**2 - o - 1. Let q(m) = 2*l(m) - t(m). Let a = 2406 + -2401. What is q(a)?
-4
Let q(u) = 2*u + 6. Let t be (27/(-6) + 5)/(1*7/(-98)). Calculate q(t).
-8
Let m(i) = i**2 - 28*i - 67. Let h be ((-5 + (-338)/(-65))/(-1))/((-1)/155). Calculate m(h).
26
Let h(d) = -7*d**2 - 4*d**2 + 8*d - 2*d - 9 - d + 12*d**2. Calculate h(3).
15
Let i be 0 - -4 - (134 - 116). Let w(p) = 8*p + 117. Determine w(i).
5
Let s(r) = -r**2 - 8*r - 2. Let m(l) = -4*l + 79. Let k be m(19). Let v(w) = -3*w + 2. Let t be v(k). Calculate s(t).
5
Let y(w) = -w**3 - 4*w**2 - w - 5. Suppose 0 = 10*a - 22 - 18. Let n be (8/(-5))/((-1)/(-10)*a). Calculate y(n).
-1
Suppose q - 8 = -x, 7*x - 3*x + q - 20 = 0. Suppose -39*p = -40*p - 4*a + 1, x = 4*p - 5*a. Let r(f) = -10*f**3 - 2*f**2 + 3*f - 1. What is r(p)?
-10
Let d(n) be the third derivative of 0 + 21*n**2 + 1/120*n**5 + 0*n + 20/3*n**3 + 0*n**4. Let h(l) be the first derivative of d(l). Calculate h(-2).
-2
Let s(o) = -1 + 237*o**2 - o + o - 486*o**2 + 245*o**2 - o**3. Let m be (-11)/2 - (-1)/2. Give s(m).
24
Let g(y) be the third derivative of -y**5/60 - 4*y**3/3 + 380*y**2. Suppose -3*n = -4*v + 8, 2*n + 8 = v + 3*v. Determine g(n).
-8
Suppose -26 - 2 = 14*x. Let b(c) = 4*c**2 - 1. Let p(q) = -3*q**2 - q. Let d = -18 - -15. Let k(a) = d*p(a) - 2*b(a). What is k(x)?
0
Let u(m) = -7*m + 16. Suppose 4*l - 8 = -5*g, 2*l - 10 = -3*l + 5*g. What is u(l)?
2
Suppose -5*t = -t + 4. Let j = -124 - -130. Let u(s) = s**3 + s. Let b(p) = -4*p**3 - 7*p - 1. Let f(z) = j*u(z) + b(z). Give f(t).
-2
Let v = -859 - -368. Let w = 492 + v. Let y(a) = 5*a. Determine y(w).
5
Suppose 14*x - 240 = 22*x. Let n = x - -27. Let a(j) be the first derivative of -j**3/3 - j**2/2 + 2*j + 19. Give a(n).
-4
Let x(i) = i + 19. Let j(m) = -4*m + 3. Let q(a) = -j(a) + x(a). Calculate q(-2).
6
Let k(j) = -11*j + 9. Let b be k(-2). Suppose 0 = 4*s - 7 + b. Let n(q) = 3*q - 4. What is n(s)?
-22
Suppose -69*f + 73*f - 4 = 2*q, -3*f + 3*q + 3 = 0. Let v(n) = -29*n**2 + 2*n + 1. Determine v(f).
-26
Suppose -7*t - 6 = -8*t - i, t = -3*i - 2. Let c(h) = h - 22. Determine c(t).
-12
Let p(z) = 3*z - 4*z - 8*z + 0*z - 1 - 14. Give p(-5).
30
Let u be 2*(10/4 - 4)*-27. Let q = -75 + u. Suppose q*o - 5 = 25. Let g(r) = r**3 - 6*r**2 + 5*r - 3. Calculate g(o).
-3
Let v(f) = 9 + 11*f - 69 + 13 - 54. Let x be v(9). Let w(h) = -3*h**2 - 2*h - 3. Determine w(x).
-11
Let u(k) = -5*k - 5. Let q(c) = 29*c + 67. Let l(m) = q(m) + 4*u(m). Calculate l(-6).
-7
Let l(d) = -5*d - 19. Let h be l(-6). Let v = -18 + h. Let i be (0/2)/(8 + v) + -7. Let u(t) = t**3 + 7*t**2 - t - 6. Give u(i).
1
Let u be (6/(-2))/(-1*(-3)/(-11)). Let f(m) be the first derivative of -m**2 + 22*m + 2. Let q be f(u). Let z(a) = -a**2 + 22. Calculate z(q).
22
Suppose 4*a + v = 7*a + 12, -a + 4*v = 26. Let k(t) = -6*t**2 + 4*t - 2. Calculate k(a).
-34
Let a(w) = -313*w + 161514. Let d be a(516). Suppose -i = -1 - 1. Let g(f) = -5*f + 0 - f**i - 4*f**2 + f**3 - 3. Calculate g(d).
3
Let h(r) = r**2 - r - 4. Suppose -33 = -4*t - 3*k + 15, 3*k - 12 = -t. Suppose 0 = -0*m + 3*m - t. Calculate h(m).
8
Let r(q) = -q**2 + q + 60. Let j = 2278 + -2285. Determine r(j).
4
Suppose -5*g - 10 = -4*r - r, 4 = -4*g + 3*r. Let s(z) = 7*z**g + 416*z - 3 - 421*z - z**3 - z**2. What is s(5)?
-3
Let g be 24 - 3*8*10/(-30). Let a(w) = -15*w + 487. What is a(g)?
7
Let v(f) = f**3 + 7*f**2 + 5*f - 8. Let r be 8/(-3*(-3)/27). Suppose 106 + 38 = -r*i. Give v(i).
-2
Suppose -3*l + 538 = -5*x, x + x = -l - 213. Let o = 109 + x. Let i(w) = 3*w**o + 5*w - 13 - 2*w**2 + 4. Calculate i(-7).
5
Suppose -52*u = -5*u - 57*u - 130. Let y(j) = -33*j - 432. What is y(u)?
-3
Let v(n) be the first derivative of -n**5/120 - n**4/24 - 25*n**3/3 - n**2 + 30. Let j(l) be the third de